ions digit of 397483728?
7
What is the tens digit of 155652784?
8
What is the hundreds digit of 592792607?
6
What is the thousands digit of 1744967755?
7
What is the hundreds digit of 1438597339?
3
What is the thousands digit of 88915985?
5
What is the tens digit of 15543002?
0
What is the hundreds digit of 326799616?
6
What is the ten millions digit of 764555281?
6
What is the millions digit of 59973826?
9
What is the hundred millions digit of 2150132135?
1
What is the units digit of 1108259833?
3
What is the ten thousands digit of 397718727?
1
What is the ten thousands digit of 1465219941?
1
What is the thousands digit of 158335990?
5
What is the hundreds digit of 81990942?
9
What is the thousands digit of 53469111?
9
What is the ten millions digit of 1342567251?
4
What is the ten thousands digit of 483179955?
7
What is the millions digit of 320413960?
0
What is the millions digit of 3571070240?
1
What is the ten thousands digit of 133145802?
4
What is the hundred thousands digit of 123534265?
5
What is the millions digit of 107265241?
7
What is the hundred thousands digit of 66195662?
1
What is the thousands digit of 3574855795?
5
What is the thousands digit of 239302646?
2
What is the hundreds digit of 150430124?
1
What is the ten thousands digit of 713588057?
8
What is the thousands digit of 45947997?
7
What is the ten thousands digit of 84337486?
3
What is the tens digit of 414987340?
4
What is the units digit of 57337402?
2
What is the units digit of 302737543?
3
What is the tens digit of 96127734?
3
What is the units digit of 34537452?
2
What is the units digit of 205332342?
2
What is the hundred thousands digit of 47933046?
9
What is the hundreds digit of 1960097831?
8
What is the hundred millions digit of 999106088?
9
What is the millions digit of 1044854890?
4
What is the hundred millions digit of 162689843?
1
What is the millions digit of 1366877683?
6
What is the hundred thousands digit of 180273034?
2
What is the millions digit of 194584159?
4
What is the hundred millions digit of 3529496546?
5
What is the millions digit of 164562673?
4
What is the hundred thousands digit of 2430717390?
7
What is the tens digit of 99501559?
5
What is the units digit of 332011027?
7
What is the millions digit of 475229190?
5
What is the thousands digit of 2057186?
7
What is the ten millions digit of 17094095?
1
What is the thousands digit of 79057993?
7
What is the ten millions digit of 2883054116?
8
What is the hundreds digit of 254051414?
4
What is the units digit of 196231978?
8
What is the billions digit of 3688208722?
3
What is the ten thousands digit of 4115692326?
9
What is the millions digit of 239596285?
9
What is the hundreds digit of 1044657118?
1
What is the ten thousands digit of 360267566?
6
What is the ten millions digit of 46395681?
4
What is the ten millions digit of 304958723?
0
What is the thousands digit of 1891976452?
6
What is the ten thousands digit of 45279627?
7
What is the hundreds digit of 64721588?
5
What is the hundred thousands digit of 979146431?
1
What is the tens digit of 581147324?
2
What is the ten thousands digit of 517376786?
7
What is the hundred millions digit of 138742686?
1
What is the hundred millions digit of 6440555312?
4
What is the ten thousands digit of 37337838?
3
What is the units digit of 2308576672?
2
What is the hundred millions digit of 261636863?
2
What is the thousands digit of 40836387?
6
What is the hundred thousands digit of 1225809023?
8
What is the hundreds digit of 577412473?
4
What is the hundred thousands digit of 1517352052?
3
What is the ten thousands digit of 62892445?
9
What is the hundred millions digit of 4840530808?
8
What is the hundreds digit of 2026423330?
3
What is the thousands digit of 52594294?
4
What is the hundred millions digit of 1323507187?
3
What is the hundred millions digit of 1734125276?
7
What is the tens digit of 126408034?
3
What is the millions digit of 40893599?
0
What is the tens digit of 418824?
2
What is the hundreds digit of 1665519473?
4
What is the ten thousands digit of 110838855?
3
What is the millions digit of 846829630?
6
What is the hundreds digit of 5731784066?
0
What is the thousands digit of 1947985261?
5
What is the ten thousands digit of 28897196?
9
What is the ten thousands digit of 139980349?
8
What is the ten thousands digit of 3837427258?
2
What is the units digit of 146681108?
8
What is the tens digit of 82584326?
2
What is the units digit of 144437483?
3
What is the hundred millions digit of 1712501056?
7
What is the hundred millions digit of 872188638?
8
What is the hundreds digit of 3275755015?
0
What is the hundred millions digit of 1226466529?
2
What is the hundred millions digit of 303334700?
3
What is the hundred thousands digit of 1127438682?
4
What is the millions digit of 87845217?
7
What is the tens digit of 3371844531?
3
What is the hundreds digit of 312867472?
4
What is the hundreds digit of 350766198?
1
What is the hundred millions digit of 734473163?
7
What is the ten millions digit of 1013122259?
1
What is the hundred thousands digit of 1787460729?
4
What is the ten thousands digit of 135199857?
9
What is the hundred millions digit of 1918451968?
9
What is the units digit of 500640153?
3
What is the millions digit of 56000282?
6
What is the tens digit of 21131891?
9
What is the ten thousands digit of 693766717?
6
What is the thousands digit of 116945295?
5
What is the millions digit of 221313561?
1
What is the hundreds digit of 16155578?
5
What is the thousands digit of 243343046?
3
What is the ten millions digit of 85733654?
8
What is the hundred thousands digit of 21304081?
3
What is the billions digit of 3712708778?
3
What is the units digit of 65825970?
0
What is the ten millions digit of 166958754?
6
What is the hundred millions digit of 432625367?
4
What is the hundred thousands digit of 3262297781?
2
What is the ten millions digit of 331445962?
3
What is the ten thousands digit of 1975184490?
8
What is the millions digit of 272950620?
2
What is the thousands digit of 16547728?
7
What is the tens digit of 633522389?
8
What is the millions digit of 242509567?
2
What is the tens digit of 340605819?
1
What is the ten thousands digit of 52297972?
9
What is the ten millions digit of 8380630385?
8
What is the millions digit of 2276606419?
6
What is the ten thousands digit of 370895170?
9
What is the units digit of 433277507?
7
What is the hundreds digit of 2834523575?
5
What is the hundred thousands digit of 619648850?
6
What is the units digit of 499117192?
2
What is the hundreds digit of 713971180?
1
What is the units digit of 48826183?
3
What is the units digit of 1914038387?
7
What is the thousands digit of 1926437718?
7
What is the thousands digit of 348243578?
3
What is the hundred millions digit of 1257424713?
2
What is the units digit of 551233251?
1
What is the units digit of 20202794?
4
What is the hundred thousands digit of 35053541?
0
What is the thousands digit of 6413809?
3
What is the ten millions digit of 2620613991?
2
What is the hundred millions digit of 1797767943?
7
What is the millions digit of 51223327?
1
What is the thousands digit of 107693842?
3
What is the tens digit of 62842223?
2
What is the units digit of 498258057?
7
What is the hundred millions digit of 599504997?
5
What is the units digit of 60558668?
8
What is the tens digit of 2721968?
6
What is the hundred thousands digit of 224700060?
7
What is the ten millions digit of 76643542?
7
What is the thousands digit of 102522239?
2
What is the thousands digit of 14746957?
6
What is the tens digit of 1637104?
0
What is the ten thousands digit of 164719265?
1
What is the billions digit of 3449743858?
3
What is the units digit of 536438330?
0
What is the hundred thousands digit of 714827745?
8
What is the millions digit of 8072888?
8
What is the millions digit of 4098237?
4
What is the ten thousands digit of 654159446?
5
What is the millions digit of 23334640?
3
What is the hundred thousands digit of 220355764?
3
What is the millions digit of 1658577600?
8
What is the hundred millions digit of 175170007?
1
What is the hundred thousands digit of 2675087748?
0
What is the ten thousands digit of 461127620?
2
What is the billions digit of 412847